d(3). Let b(l) = l**2 - 14. What are the prime factors of b(q)?
5, 7
Let p(f) = -f**3 + 11*f**2 + 14*f + 19. Let n be p(12). Suppose -n*q + 39*q + 408 = 0. List the prime factors of q.
2, 3, 17
What are the prime factors of 1 + (-1 + -1 + 4 - -80)?
83
List the prime factors of (-4)/(-64) - 162261/(-176).
2, 461
Let v be 4*(4 - 21/6). Suppose 143 = 4*a + l, -3*a - a - v*l + 146 = 0. What are the prime factors of a?
5, 7
Suppose 5*a = 4*b + 9, 5*a + 2*b = 2 + 1. Let s(z) = 111*z**2 + 1. Let y be s(a). Suppose 0*x = -4*x + y. List the prime factors of x.
2, 7
Let c(l) = -l**3 + 3*l**2 + 6. Let w be c(4). Let q(a) = -2*a - 4. Let b(d) = d + 5. Let n(u) = 2*b(u) + 3*q(u). List the prime factors of n(w).
2, 19
Suppose -3*m + 4*j - 30 = 0, m + 15 = j + 5. Let t(a) = -a**3 - 9*a**2 - 9*a - 4. List the prime factors of t(m).
2, 3, 31
Let s(l) = l**3 - l + 1. Let t be s(-2). Let h be 157/(-5) - 2/t. Let w = -10 - h. What are the prime factors of w?
3, 7
Suppose -19*w = -17*w - 5922. What are the prime factors of w?
3, 7, 47
Let m(d) = 81*d**2 + 21*d - 53. List the prime factors of m(2).
313
Let d = -16 - -16. Suppose 9 = 3*z - 5*c, -3*c = -z - 8*c + 3. Suppose -4*h - 3*m = -d*h - 164, -5*h - z*m + 202 = 0. List the prime factors of h.
2, 19
Suppose 4*v - 90 = 2*t + 50, 5*v - 189 = -t. Let k = v - 35. List the prime factors of k/10 - 1320/(-25).
53
Let o = 15 + -12. Let b be ((-2)/(-4))/(o/348). What are the prime factors of 1*b*(-3)/(-6)?
29
Let i = -147 - -866. List the prime factors of i.
719
Suppose 13 = -2*c - 5*m, m = 5*c - 1 + 20. Suppose 90 = 11*p - 2*p. List the prime factors of (-176)/p*10/c.
2, 11
Suppose 100 = -2*v - 3*v. Let n = v - -68. What are the prime factors of n?
2, 3
Let s be (-3)/2*(-36)/(-27). Let q(o) = -5*o - 12. Let y be q(-8). Let t = y - s. List the prime factors of t.
2, 3, 5
Let y = 13 + -8. Suppose -y*w + 0*w = -145. Suppose -3*s + w = -2*s. What are the prime factors of s?
29
Suppose -2*g = 3*r + 5, g + 12 - 42 = 5*r. Let x be (-8)/6*(g + -23). Suppose 2*q = -x + 82. List the prime factors of q.
29
Let b(x) be the third derivative of 29*x**5/15 + x**4/24 - x**3/6 - 39*x**2. List the prime factors of b(1).
2, 29
Let p(l) = -3 + 6 - 2*l + 0 + 2. Let t be p(-8). Suppose -45 = -3*o - 3*m, -2*m - t + 71 = 3*o. What are the prime factors of o?
2, 5
Let n(k) = k**2 - 20*k + 31. Let d be n(21). Suppose -48*f + d*f - 440 = 0. What are the prime factors of f?
2, 5, 11
Let j = 5 + 1. Suppose j*i = 2*i + 224. List the prime factors of i.
2, 7
Let x(o) = 3*o - 1. Let z(u) = -9*u + 3. Let l(j) = -8*x(j) - 3*z(j). Let p(w) = w**2 + 2*w - 2. Let v be p(2). List the prime factors of l(v).
17
Let z be (8/(-5))/(10/(-75)). List the prime factors of 11*z/5*10/4.
2, 3, 11
Suppose 3*w - 1 = 3*g - 7, -11 = -g - 2*w. List the prime factors of 10 + (6 - 10/g).
2, 7
Let k be 38/8 + 1/4. Let l be 117/26 + 3/2. What are the prime factors of k/10 + 303/l?
3, 17
Suppose 0 = 81*q - 89*q + 6200. What are the prime factors of q?
5, 31
Let j = 64 + -80. Let i = -13 - j. List the prime factors of i.
3
Let m = 124 + -41. Suppose 0 = -g + 3*i - 6*i + m, -5*g + i = -447. List the prime factors of g.
89
Let h be (-5)/15 - (0 - 2/6). Suppose h = 3*z + 2*i - 980, 0*z + 2*i = z - 332. List the prime factors of z.
2, 41
Suppose -5*u + 29159 = -4*y, 3*y - 466 = u - 6300. List the prime factors of u.
7, 17
Let g be (-4)/6 - 6252/(-36). Let n = -124 + g. What are the prime factors of n?
7
Suppose -108*u - 18 = -106*u. List the prime factors of (-944)/(-24) - (-6)/u*-1.
2, 5
Let w(a) = 5*a**2 + 5*a + 82. What are the prime factors of w(-9)?
2, 13, 17
Suppose 85*n = 124*n - 131118. What are the prime factors of n?
2, 41
Suppose -k + 3*s = -0*k + 35, -2*k + 5*s = 68. Let x = k - -26. What are the prime factors of (5 + 232)*(-1)/x?
79
List the prime factors of 680 + -2 + 0/((-6)/3).
2, 3, 113
Let x(i) = -52 + 209 - i + 53. What are the prime factors of x(0)?
2, 3, 5, 7
Suppose 3*i - 27 = -105. Suppose -4*x + 5 = v + 57, 260 = -5*v - 5*x. Let p = i - v. List the prime factors of p.
2, 13
Let f = 371 + -361. What are the prime factors of f?
2, 5
Suppose 3*l = -k + 515, -2*k + 5*l - 1030 = -4*k. Let h be 9/27 - k/(-3). Suppose -n + 23 = -3*v, -4*v = -0*n + 4*n - h. List the prime factors of n.
2, 19
What are the prime factors of (-16 - -789) + -3 + 1 + 5?
2, 97
Let c(v) be the second derivative of v**4/12 - v**3/2 + 11*v**2 + 15*v. List the prime factors of c(-7).
2, 23
Let b = 50 + 442. What are the prime factors of b?
2, 3, 41
List the prime factors of (2 - (4 + 3))/(3/(-57)).
5, 19
Let i(g) = g**3 - 10*g**2 - 8*g - 18. What are the prime factors of i(13)?
5, 7, 11
Suppose -5*g - 468 = -5*y + 1037, 5*y + 3*g - 1545 = 0. What are the prime factors of y?
2, 3, 17
Let b be (-2)/(-7) - 1853/(-7). Let x be 8/12 - b/(-3). Suppose 4*g - x = -0*g - 5*o, 0 = 2*g + 5*o - 37. List the prime factors of g.
2, 13
Let f = -23 - -50. Suppose x - 4*n - 62 = 0, -x - 5*n = -f + 1. Let p = -32 + x. List the prime factors of p.
2, 7
Suppose 6 = -2*n - 4. Let a(u) = 2*u**2 + 11*u - 3. Let t be a(n). Let d = t + 35. What are the prime factors of d?
3
Let h = 130 + 315. What are the prime factors of h?
5, 89
Suppose 0 = 2*v - v - 4*d - 8, 0 = v - 5*d - 4. Suppose -m + 4*x = -0*m + v, 0 = -2*m + 4*x - 40. What are the prime factors of 200/6 + m/(-24)?
2, 17
Let c(k) = -k**3 - 5*k**2 - 4*k + 2. Let q be c(-4). Suppose 316 = 4*l + q*v, -203 = 4*l + 3*v - 521. List the prime factors of l.
2, 3, 13
Let t be (-4)/10 + 42/5. Suppose -3*g = 9, 2*g = 3*b - t*b + 314. What are the prime factors of b?
2
Suppose -u + 6 = 2*u. Let r be -6 - 1/(u + -1). Let k(d) = d**2 + 4*d + 6. What are the prime factors of k(r)?
3
List the prime factors of ((-350)/(-12))/((-14)/(-420)).
5, 7
Suppose 0 = -d - 5*k - 0*k + 29, -d = k - 9. Suppose -d*c = -c - 27. List the prime factors of c.
3
Let f(s) = -27*s + 1. Let h(j) = -58*j - 1. Let m(w) = 59*w + 2. Let z(y) = 4*h(y) + 3*m(y). Let u(d) = -7*f(d) + 3*z(d). List the prime factors of u(1).
23
Suppose 0 = 3*w - 138 + 33. Let t = -25 + w. List the prime factors of t.
2, 5
Suppose -u + 3*u = 2. Let t(b) = -3*b**3 - b**2. Let h be t(u). List the prime factors of (h - -5)/((-1)/(-19)).
19
Let b(t) = t**2 - 12*t + 6. Let k be b(6). Let n = k - -33. Suppose -197 = -n*s - 20. List the prime factors of s.
59
Suppose -5*g + 1380 = -5*v, -2*g + 276 = -g - 2*v. Suppose -24 = -5*m + g. List the prime factors of m.
2, 3, 5
Let b(z) = 35*z + 70. What are the prime factors of b(9)?
5, 7, 11
Let m(c) = 2*c**3 + 6*c**2 + 3. Let o be m(-3). Suppose 0 = 3*g - 3 + 9. List the prime factors of 3/(o/(-2))*g.
2
Let q(c) = 4*c**2 - 6*c - 6. Let p = 14 - 19. Let j(x) = -7*x**2 + 11*x + 12. Let o(f) = p*q(f) - 3*j(f). List the prime factors of o(7).
2, 11
Let i be 3/((-6)/(-10) + 0). Suppose -c - 2*c + 4 = -2*d, -5*d = -i*c. What are the prime factors of -10*(-3)/d*2?
3, 5
Let m = 18 + -28. Let c be ((-15)/m)/((-1)/(-6)). What are the prime factors of (-4)/6 + 393/c?
43
Suppose 6*k - 2100 = -k. What are the prime factors of k?
2, 3, 5
Suppose 0 = 25*o + 6*o - 16368. List the prime factors of o.
2, 3, 11
Suppose 20*v = 3*v + 8483. What are the prime factors of v?
499
Let i(r) = -r**3 + 18*r**2 + 6*r + 2. Let z(m) = -4*m - 58. Let b be z(-19). What are the prime factors of i(b)?
2, 5, 11
Let o(b) = -12*b**2 - 8*b**2 + 28 - b**3 - 12*b + 43*b**2. What are the prime factors of o(22)?
2, 31
Let j(k) = 4*k**2 + 150*k - 2. List the prime factors of j(4).
2, 331
Let x(i) = i**2 - 2*i - 8. Let q be x(4). Suppose 3*p - 2*k - 179 = -68, 3*p - k - 108 = q. List the prime factors of p.
5, 7
Let o be 3 - 315/(-6) - (-3)/(-6). Suppose o + 53 = 2*s. What are the prime factors of s?
2, 3
Suppose 2*w - 2*n - 368 = 0, 4*n + 21 - 9 = 0. Let t = w + -118. What are the prime factors of t?
3, 7
Let i = 1199 - 760. List the prime factors of i.
439
Let p(a) = -17*a + 69. What are the prime factors of p(-23)?
2, 5, 23
Let i = 929 + -559. List the prime factors of i.
2, 5, 37
What are the prime factors of -3*10/(-60)*4*447?
2, 3, 149
Let f = 15 - -11. Suppose -5*m - f + 541 = 0. What are the prime factors of m?
103
Let s be (62/3)/((-2)/177). Let l = -927 - s. List the prime factors of l/11*2/4.
41
Let c(x) = -2*x + 441.